{"id":23,"date":"2023-01-20T07:40:41","date_gmt":"2023-01-20T07:40:41","guid":{"rendered":"https:\/\/thegenius.co\/wp\/techlon\/demo\/?page_id=23"},"modified":"2024-09-28T11:56:06","modified_gmt":"2024-09-28T08:56:06","slug":"iletisim","status":"publish","type":"page","link":"https:\/\/maviakim.com.tr\/index.php\/iletisim\/","title":{"rendered":"\u0130leti\u015fim"},"content":{"rendered":"\t\t<div data-elementor-type=\"wp-page\" data-elementor-id=\"23\" class=\"elementor elementor-23\">\n\t\t\t\t\t\t<section class=\"elementor-section elementor-top-section elementor-element elementor-element-7ae8bf5 techlon-column-stretched-none elementor-section-boxed elementor-section-height-default elementor-section-height-default\" data-id=\"7ae8bf5\" data-element_type=\"section\" data-settings=\"{&quot;background_background&quot;:&quot;classic&quot;}\">\n\t\t\t\t\t\t<div class=\"elementor-container elementor-column-gap-default\">\n\t\t\t\t\t<div class=\"elementor-column elementor-col-100 elementor-top-column elementor-element elementor-element-32002415\" data-id=\"32002415\" data-element_type=\"column\" data-settings=\"{&quot;background_background&quot;:&quot;gradient&quot;}\">\n\t\t\t<div class=\"elementor-widget-wrap elementor-element-populated\">\n\t\t\t\t\t<div class=\"elementor-background-overlay\"><\/div>\n\t\t\t\t\t\t<section class=\"elementor-section elementor-inner-section elementor-element elementor-element-66363d8c techlon-column-stretched-none elementor-section-boxed elementor-section-height-default elementor-section-height-default\" data-id=\"66363d8c\" data-element_type=\"section\" data-settings=\"{&quot;background_background&quot;:&quot;classic&quot;}\">\n\t\t\t\t\t\t<div class=\"elementor-container elementor-column-gap-default\">\n\t\t\t\t\t<div class=\"elementor-column elementor-col-66 elementor-inner-column elementor-element elementor-element-5bdc4e39\" data-id=\"5bdc4e39\" data-element_type=\"column\" data-settings=\"{&quot;background_background&quot;:&quot;classic&quot;}\">\n\t\t\t<div class=\"elementor-widget-wrap elementor-element-populated\">\n\t\t\t\t\t\t<div class=\"elementor-element elementor-element-5cd945f7 elementor-widget elementor-widget-shortcode\" data-id=\"5cd945f7\" data-element_type=\"widget\" data-widget_type=\"shortcode.default\">\n\t\t\t\t<div class=\"elementor-widget-container\">\n\t\t\t\t\t<div class=\"elementor-shortcode\">\n<div class=\"wpcf7 no-js\" id=\"wpcf7-f6313-o1\" lang=\"en-US\" dir=\"ltr\">\n<div class=\"screen-reader-response\"><p role=\"status\" aria-live=\"polite\" aria-atomic=\"true\"><\/p> <ul><\/ul><\/div>\n<form action=\"\/index.php\/wp-json\/wp\/v2\/pages\/23#wpcf7-f6313-o1\" method=\"post\" class=\"wpcf7-form init\" aria-label=\"Contact form\" novalidate=\"novalidate\" data-status=\"init\">\n<div style=\"display: none;\">\n<input type=\"hidden\" name=\"_wpcf7\" value=\"6313\" \/>\n<input type=\"hidden\" name=\"_wpcf7_version\" value=\"5.9.8\" \/>\n<input type=\"hidden\" name=\"_wpcf7_locale\" value=\"en_US\" \/>\n<input type=\"hidden\" name=\"_wpcf7_unit_tag\" value=\"wpcf7-f6313-o1\" \/>\n<input type=\"hidden\" name=\"_wpcf7_container_post\" value=\"0\" \/>\n<input type=\"hidden\" name=\"_wpcf7_posted_data_hash\" value=\"\" \/>\n<\/div>\n<div class=\"contact-one__form\">\n\t<div class=\"section-title\">\n\t\t<p class=\"section-title__text section-title__text--light section-title__text--light--shape\">T\u00fcrkiye'nin iklim deposu\n\t\t<\/p>\n\t\t<h2 class=\"section-title__title section-title__title--light\">Mavi Ak\u0131m\n\t\t<\/h2><!-- \/.section-title__title -->\n\t<\/div><!-- \/.section-title -->\n\t<div class=\"row \">\n\t\t<div class=\"col-lg-6 col-md-12\">\n\t\t\t<p><span class=\"wpcf7-form-control-wrap\" data-name=\"your-name\"><input size=\"40\" maxlength=\"400\" class=\"wpcf7-form-control wpcf7-text wpcf7-validates-as-required\" aria-required=\"true\" aria-invalid=\"false\" placeholder=\"Ad\u0131n\u0131z\" value=\"\" type=\"text\" name=\"your-name\" \/><\/span>\n\t\t\t<\/p>\n\t\t<\/div><!-- \/.col-lg-6 col-md-12 -->\n\t\t<div class=\"col-lg-6 col-md-12\">\n\t\t\t<p><span class=\"wpcf7-form-control-wrap\" data-name=\"your-email\"><input size=\"40\" maxlength=\"400\" class=\"wpcf7-form-control wpcf7-email wpcf7-validates-as-required wpcf7-text wpcf7-validates-as-email\" aria-required=\"true\" aria-invalid=\"false\" placeholder=\"Eposta\" value=\"\" type=\"email\" name=\"your-email\" \/><\/span>\n\t\t\t<\/p>\n\t\t<\/div><!-- \/.col-lg-6 col-md-12 -->\n\t\t<div class=\"col-lg-12 col-md-12\">\n\t\t\t<p><span class=\"wpcf7-form-control-wrap\" data-name=\"textarea-41\"><textarea cols=\"40\" rows=\"10\" maxlength=\"2000\" class=\"wpcf7-form-control wpcf7-textarea\" aria-invalid=\"false\" placeholder=\"Mesaj\u0131n\u0131z\" name=\"textarea-41\"><\/textarea><\/span>\n\t\t\t<\/p>\n\t\t<\/div><!-- \/.col-lg-6 col-md-12 -->\n\t\t<div class=\"col-md-12\">\n\t\t\t<p><button class=\"thm-btn contact-one__btn thm-btn--dark tech-contact-btn\" type=\"submit\"><span>G\u00f6nder<\/span><\/button>\n\t\t\t<\/p>\n\t\t<\/div><!-- \/.col-md-12 -->\n\t<\/div><!-- \/.row -->\n<\/div><!-- \/.contact-one__form --><div class=\"wpcf7-response-output\" aria-hidden=\"true\"><\/div>\n<\/form>\n<\/div>\n<\/div>\n\t\t\t\t<\/div>\n\t\t\t\t<\/div>\n\t\t\t\t\t<\/div>\n\t\t<\/div>\n\t\t\t\t<div class=\"elementor-column elementor-col-33 elementor-inner-column elementor-element elementor-element-1f10bb3a  wow fadeInRight animated\" data-id=\"1f10bb3a\" data-element_type=\"column\" data-settings=\"{&quot;background_background&quot;:&quot;classic&quot;}\">\n\t\t\t<div class=\"elementor-widget-wrap elementor-element-populated\">\n\t\t\t\t\t\t<div class=\"elementor-element elementor-element-8305cee elementor-widget elementor-widget-techlon_contact2_section \" data-id=\"8305cee\" data-element_type=\"widget\" data-widget_type=\"techlon_contact2_section .default\">\n\t\t\t\t<div class=\"elementor-widget-container\">\n\t\t\t         <div class=\"contact-one__info \">\r\n                                <div class=\"contact-one__item\">\r\n                                    <h3 class=\"contact-one__item__title\">Adres<\/h3><!-- \/.contact-one__item__title -->\r\n                                    <p class=\"contact-one__item__text\">Kaz\u0131m Dirik Mah. \u00dcniversite Cad. No: 83 A\u011fa\u00e7l\u0131 Yol, Bornova, \u0130zmir<\/p><!-- \/.contact-one__item__text -->\r\n                                <\/div><!-- \/.contact-one__item -->\r\n                                <div class=\"contact-one__item\">\r\n                                    <h3 class=\"contact-one__item__title\">Telefon<\/h3><!-- \/.contact-one__item__title -->\r\n                                    <p class=\"contact-one__item__text\"> <a href=\"tel:902324599898\">0232 459 98 98<\/a><br>\r\n                                     <a href=\"\"><\/a><\/p>\r\n                                    <!-- \/.contact-one__item__text -->\r\n                                <\/div><!-- \/.contact-one__item -->\r\n                                <div class=\"contact-one__item\">\r\n                                    <h3 class=\"contact-one__item__title\">Email<\/h3><!-- \/.contact-one__item__title -->\r\n                                    <p class=\"contact-one__item__text\"><a\r\n                                            href=\"mailto:info@maviakim.com.tr\">info@maviakim.com.tr<\/a><br><a\r\n                                            href=\"\"><\/a><\/p>\r\n                                    <!-- \/.contact-one__item__text -->\r\n                                <\/div><!-- \/.contact-one__item -->\r\n                                <div class=\"contact-one__item\">\r\n                                    <ul class=\"contact-one__social\">\r\n                                                                                <li><a href=\"https:\/\/x.com\/maviakimcomtr\"><i class=\"fab\"><svg class=\"e-font-icon-svg e-fab-twitter\" viewBox=\"0 0 512 512\" xmlns=\"http:\/\/www.w3.org\/2000\/svg\"><path d=\"M459.37 151.716c.325 4.548.325 9.097.325 13.645 0 138.72-105.583 298.558-298.558 298.558-59.452 0-114.68-17.219-161.137-47.106 8.447.974 16.568 1.299 25.34 1.299 49.055 0 94.213-16.568 130.274-44.832-46.132-.975-84.792-31.188-98.112-72.772 6.498.974 12.995 1.624 19.818 1.624 9.421 0 18.843-1.3 27.614-3.573-48.081-9.747-84.143-51.98-84.143-102.985v-1.299c13.969 7.797 30.214 12.67 47.431 13.319-28.264-18.843-46.781-51.005-46.781-87.391 0-19.492 5.197-37.36 14.294-52.954 51.655 63.675 129.3 105.258 216.365 109.807-1.624-7.797-2.599-15.918-2.599-24.04 0-57.828 46.782-104.934 104.934-104.934 30.213 0 57.502 12.67 76.67 33.137 23.715-4.548 46.456-13.32 66.599-25.34-7.798 24.366-24.366 44.833-46.132 57.827 21.117-2.273 41.584-8.122 60.426-16.243-14.292 20.791-32.161 39.308-52.628 54.253z\"><\/path><\/svg><\/i><\/a><\/li>\r\n                                                                               <li><a href=\"https:\/\/www.facebook.com\/MaviAkimComTr\"><i class=\"fab\"><svg class=\"e-font-icon-svg e-fab-facebook-f\" viewBox=\"0 0 320 512\" xmlns=\"http:\/\/www.w3.org\/2000\/svg\"><path d=\"M279.14 288l14.22-92.66h-88.91v-60.13c0-25.35 12.42-50.06 52.24-50.06h40.42V6.26S260.43 0 225.36 0c-73.22 0-121.08 44.38-121.08 124.72v70.62H22.89V288h81.39v224h100.17V288z\"><\/path><\/svg><\/i><\/a><\/li>\r\n                                                                               <li><a href=\"https:\/\/www.instagram.com\/maviakimmuhendislik\"><i class=\"fab\"><svg class=\"e-font-icon-svg e-fab-instagram\" viewBox=\"0 0 448 512\" xmlns=\"http:\/\/www.w3.org\/2000\/svg\"><path d=\"M224.1 141c-63.6 0-114.9 51.3-114.9 114.9s51.3 114.9 114.9 114.9S339 319.5 339 255.9 287.7 141 224.1 141zm0 189.6c-41.1 0-74.7-33.5-74.7-74.7s33.5-74.7 74.7-74.7 74.7 33.5 74.7 74.7-33.6 74.7-74.7 74.7zm146.4-194.3c0 14.9-12 26.8-26.8 26.8-14.9 0-26.8-12-26.8-26.8s12-26.8 26.8-26.8 26.8 12 26.8 26.8zm76.1 27.2c-1.7-35.9-9.9-67.7-36.2-93.9-26.2-26.2-58-34.4-93.9-36.2-37-2.1-147.9-2.1-184.9 0-35.8 1.7-67.6 9.9-93.9 36.1s-34.4 58-36.2 93.9c-2.1 37-2.1 147.9 0 184.9 1.7 35.9 9.9 67.7 36.2 93.9s58 34.4 93.9 36.2c37 2.1 147.9 2.1 184.9 0 35.9-1.7 67.7-9.9 93.9-36.2 26.2-26.2 34.4-58 36.2-93.9 2.1-37 2.1-147.8 0-184.8zM398.8 388c-7.8 19.6-22.9 34.7-42.6 42.6-29.5 11.7-99.5 9-132.1 9s-102.7 2.6-132.1-9c-19.6-7.8-34.7-22.9-42.6-42.6-11.7-29.5-9-99.5-9-132.1s-2.6-102.7 9-132.1c7.8-19.6 22.9-34.7 42.6-42.6 29.5-11.7 99.5-9 132.1-9s102.7-2.6 132.1 9c19.6 7.8 34.7 22.9 42.6 42.6 11.7 29.5 9 99.5 9 132.1s2.7 102.7-9 132.1z\"><\/path><\/svg><\/i><\/a><\/li>\r\n                                                                           <\/ul><!-- \/.contact-one__social -->\r\n                                <\/div><!-- \/.contact-one__item -->\r\n                            <\/div><!-- \/.contact-one__info -->\r\n                       \r\n                  \r\n        \t\t<\/div>\n\t\t\t\t<\/div>\n\t\t\t\t\t<\/div>\n\t\t<\/div>\n\t\t\t\t\t<\/div>\n\t\t<\/section>\n\t\t\t\t\t<\/div>\n\t\t<\/div>\n\t\t\t\t\t<\/div>\n\t\t<\/section>\n\t\t\t\t<\/div>\n\t\t","protected":false},"excerpt":{"rendered":"<p>Adres Kaz\u0131m Dirik Mah. \u00dcniversite Cad. No: 83 A\u011fa\u00e7l\u0131 Yol, Bornova, \u0130zmir Telefon 0232 459 98 98 Email info@maviakim.com.tr<\/p>\n","protected":false},"author":1,"featured_media":0,"parent":0,"menu_order":0,"comment_status":"closed","ping_status":"closed","template":"page-template\/full-width.php","meta":{"footnotes":""},"class_list":["post-23","page","type-page","status-publish","hentry"],"_links":{"self":[{"href":"https:\/\/maviakim.com.tr\/index.php\/wp-json\/wp\/v2\/pages\/23","targetHints":{"allow":["GET"]}}],"collection":[{"href":"https:\/\/maviakim.com.tr\/index.php\/wp-json\/wp\/v2\/pages"}],"about":[{"href":"https:\/\/maviakim.com.tr\/index.php\/wp-json\/wp\/v2\/types\/page"}],"author":[{"embeddable":true,"href":"https:\/\/maviakim.com.tr\/index.php\/wp-json\/wp\/v2\/users\/1"}],"replies":[{"embeddable":true,"href":"https:\/\/maviakim.com.tr\/index.php\/wp-json\/wp\/v2\/comments?post=23"}],"version-history":[{"count":12,"href":"https:\/\/maviakim.com.tr\/index.php\/wp-json\/wp\/v2\/pages\/23\/revisions"}],"predecessor-version":[{"id":10893,"href":"https:\/\/maviakim.com.tr\/index.php\/wp-json\/wp\/v2\/pages\/23\/revisions\/10893"}],"wp:attachment":[{"href":"https:\/\/maviakim.com.tr\/index.php\/wp-json\/wp\/v2\/media?parent=23"}],"curies":[{"name":"wp","href":"https:\/\/api.w.org\/{rel}","templated":true}]}}