{"id":33,"date":"2023-01-20T07:42:08","date_gmt":"2023-01-20T07:42:08","guid":{"rendered":"https:\/\/thegenius.co\/wp\/techlon\/demo\/?page_id=33"},"modified":"2026-02-10T14:17:27","modified_gmt":"2026-02-10T11:17:27","slug":"subelerimiz","status":"publish","type":"page","link":"https:\/\/maviakim.com.tr\/index.php\/subelerimiz\/","title":{"rendered":"\u015eubelerimiz"},"content":{"rendered":"\t\t<div data-elementor-type=\"wp-page\" data-elementor-id=\"33\" class=\"elementor elementor-33\">\n\t\t\t\t\t\t<section class=\"elementor-section elementor-top-section elementor-element elementor-element-f9ba58e elementor-section-full_width techlon-column-stretched-none elementor-section-height-default elementor-section-height-default\" data-id=\"f9ba58e\" data-element_type=\"section\">\n\t\t\t\t\t\t<div class=\"elementor-container elementor-column-gap-no\">\n\t\t\t\t\t<div class=\"elementor-column elementor-col-100 elementor-top-column elementor-element elementor-element-8d8145f\" data-id=\"8d8145f\" data-element_type=\"column\">\n\t\t\t<div class=\"elementor-widget-wrap elementor-element-populated\">\n\t\t\t\t\t\t<div class=\"elementor-element elementor-element-b53ef76 elementor-widget elementor-widget-techlon_service_category2_section \" data-id=\"b53ef76\" data-element_type=\"widget\" data-widget_type=\"techlon_service_category2_section .default\">\n\t\t\t\t<div class=\"elementor-widget-container\">\n\t\t\t\r\n          <section class=\"service-one service-one--page\">\r\r\n            <div class=\"container-fluid\">\r\r\n                <div class=\"owl-carousel thm-owl__carousel service-one__carousel\" data-owl-options='{\r\r\n                    \"loop\": false,\r\r\n                    \"nav\": true,\r\r\n                    \"dots\": false,\r\r\n                    \"items\": 1,\r\r\n                    \"navText\": [\"<span class=\\\"fa fal fa-chevron-left fa-sm\\\"><\/span>\",\"<span class=\\\"fa fal fa-chevron-right fa-sm\\\"><\/span>\"],\r\r\n                    \"margin\": 0,\r\r\n                    \"responsive\": {\r\r\n                        \"0\": {\r\r\n                            \"items\": 1,\r\r\n                            \"margin\": 0\r\r\n                        },\r\r\n                        \"768\": {\r\r\n                            \"items\": 1,\r\r\n                            \"margin\": 30\r\r\n                        },\r\r\n                        \"1200\": {\r\r\n                            \"items\": 2,\r\r\n                            \"margin\": 30\r\r\n                        },\r\r\n                        \"1700\": {\r\r\n                            \"items\": 3,\r\r\n                            \"margin\": 30\r\r\n                        }\r\r\n                    }\r\r\n                }'>\r\r\n\r\n                    <div class=\"item\">\r\r\n                        <div class=\"service-card-one gray-bg\">\r\r\n                            <div class=\"service-card-one__image\">\r\r\n                                <img decoding=\"async\" src=\"https:\/\/maviakim.com.tr\/wp-content\/uploads\/2024\/08\/m-logo.png\" alt=\"\">\r\r\n                                <div class=\"service-card-one__logo\">A<\/div><!-- \/.service-card-one__logo -->\r\r\n                            <\/div><!-- \/.service-card-one__image -->\r\r\n                            <div class=\"service-card-one__content\">\r\r\n                                <h3 class=\"service-card-one__title\"><a href=\"\">Ayd\u0131n \u015eube<\/a><\/h3><!-- \/.service-card-one__title -->\r\r\n                                <p class=\"service-card-one__text\"><strong> Adres: <\/strong>769. Sokak No: 83-8 Astist Koop. Ata Mah. Ayd\u0131n<br><strong> Tel:<\/strong>+90 256 225 99 35<\/p>\r\r\n                                <!-- \/.service-card-one__text -->\r\r\n                            <\/div><!-- \/.service-card-one__content -->\r\r\n                        <\/div><!-- \/.service-card-one -->\r\r\n                    <\/div><!-- \/.item -->\r\r\n\r\n                    <div class=\"item\">\r\r\n                        <div class=\"service-card-one gray-bg\">\r\r\n                            <div class=\"service-card-one__image\">\r\r\n                                <img decoding=\"async\" src=\"https:\/\/maviakim.com.tr\/wp-content\/uploads\/2024\/08\/m-logo.png\" alt=\"\">\r\r\n                                <div class=\"service-card-one__logo\">A<\/div><!-- \/.service-card-one__logo -->\r\r\n                            <\/div><!-- \/.service-card-one__image -->\r\r\n                            <div class=\"service-card-one__content\">\r\r\n                                <h3 class=\"service-card-one__title\"><a href=\"\">Akhisar \u015eube<\/a><\/h3><!-- \/.service-card-one__title -->\r\r\n                                <p class=\"service-card-one__text\"><strong> Adres: <\/strong>Hac\u0131 \u0130shak Mah. Yeni San. Sit. No:7 Blok No:7 Akhisar\/Manisa <br><strong> Tel:<\/strong>+90 236 413 50 98<\/p>\r\r\n                                <!-- \/.service-card-one__text -->\r\r\n                            <\/div><!-- \/.service-card-one__content -->\r\r\n                        <\/div><!-- \/.service-card-one -->\r\r\n                    <\/div><!-- \/.item -->\r\r\n\r\n                    <div class=\"item\">\r\r\n                        <div class=\"service-card-one gray-bg\">\r\r\n                            <div class=\"service-card-one__image\">\r\r\n                                <img decoding=\"async\" src=\"https:\/\/maviakim.com.tr\/wp-content\/uploads\/2024\/08\/m-logo.png\" alt=\"\">\r\r\n                                <div class=\"service-card-one__logo\">D<\/div><!-- \/.service-card-one__logo -->\r\r\n                            <\/div><!-- \/.service-card-one__image -->\r\r\n                            <div class=\"service-card-one__content\">\r\r\n                                <h3 class=\"service-card-one__title\"><a href=\"\">Denizli \u015eube<\/a><\/h3><!-- \/.service-card-one__title -->\r\r\n                                <p class=\"service-card-one__text\"><strong>Adres:<\/strong>Akkonak Mah. Devrim Cad. No:14\/A Merkezefendi\/Denizli<br><strong>Tel:+90 258 242 34 62<\/strong><\/p>\r\r\n                                <!-- \/.service-card-one__text -->\r\r\n                            <\/div><!-- \/.service-card-one__content -->\r\r\n                        <\/div><!-- \/.service-card-one -->\r\r\n                    <\/div><!-- \/.item -->\r\r\n\r\n                    <div class=\"item\">\r\r\n                        <div class=\"service-card-one gray-bg\">\r\r\n                            <div class=\"service-card-one__image\">\r\r\n                                <img decoding=\"async\" src=\"https:\/\/maviakim.com.tr\/wp-content\/uploads\/2024\/08\/m-logo.png\" alt=\"\">\r\r\n                                <div class=\"service-card-one__logo\">\u0130<\/div><!-- \/.service-card-one__logo -->\r\r\n                            <\/div><!-- \/.service-card-one__image -->\r\r\n                            <div class=\"service-card-one__content\">\r\r\n                                <h3 class=\"service-card-one__title\"><a href=\"\">\u0130zmir Yeni\u015fehir \u015eube<\/a><\/h3><!-- \/.service-card-one__title -->\r\r\n                                <p class=\"service-card-one__text\"><strong>Adres:<\/strong>1201 Sok. No:54 G\u0131da \u00c7ar\u015f\u0131s\u0131, Yeni\u015fehir, Konak\/\u0130zmir<br><strong>Tel:+90 232 459 20 33<\/strong><\/p>\r\r\n                                <!-- \/.service-card-one__text -->\r\r\n                            <\/div><!-- \/.service-card-one__content -->\r\r\n                        <\/div><!-- \/.service-card-one -->\r\r\n                    <\/div><!-- \/.item -->\r\r\n\r\n                <\/div><!-- \/.row -->\r\r\n            <\/div><!-- \/.container-fluid -->\r\r\n        <\/section>\r\r\n      \r\n        <script>\r\r\n  jQuery( function( $ ) {\r\r\n                let thmOwlCarousels = $(\".thm-owl__carousel\");\r\r\n                    if (thmOwlCarousels.length) {\r\r\n                        thmOwlCarousels.each(function () {\r\r\n                            let elm = $(this);\r\r\n                            let options = elm.data(\"owl-options\");\r\r\n                            let thmOwlCarousel = elm.owlCarousel(\r\r\n                                \"object\" === typeof options ? options : JSON.parse(options)\r\r\n                            );\r\r\n                        });\r\r\n    }\r\r\n            })\r\r\n        <\/script>\r\r\n        \t\t<\/div>\n\t\t\t\t<\/div>\n\t\t\t\t\t<\/div>\n\t\t<\/div>\n\t\t\t\t\t<\/div>\n\t\t<\/section>\n\t\t\t\t<\/div>\n\t\t","protected":false},"excerpt":{"rendered":"<p>&#8220;,&#8221;&#8221;], &#8220;margin&#8221;: 0, &#8220;responsive&#8221;: { &#8220;0&#8221;: { &#8220;items&#8221;: 1, &#8220;margin&#8221;: 0 }, &#8220;768&#8221;: { &#8220;items&#8221;: 1, &#8220;margin&#8221;: 30 }, &#8220;1200&#8221;: { &#8220;items&#8221;: 2, &#8220;margin&#8221;: 30 }, &#8220;1700&#8221;: { &#8220;items&#8221;: 3, &#8220;margin&#8221;: 30 } } }&#8217;> A Ayd\u0131n \u015eube Adres: 769. Sokak No: 83-8 Astist Koop. Ata Mah. Ayd\u0131n Tel:+90 256 225 99 35 A Akhisar [&hellip;]<\/p>\n","protected":false},"author":1,"featured_media":0,"parent":0,"menu_order":0,"comment_status":"closed","ping_status":"closed","template":"page-template\/full-width.php","meta":{"footnotes":""},"class_list":["post-33","page","type-page","status-publish","hentry"],"_links":{"self":[{"href":"https:\/\/maviakim.com.tr\/index.php\/wp-json\/wp\/v2\/pages\/33","targetHints":{"allow":["GET"]}}],"collection":[{"href":"https:\/\/maviakim.com.tr\/index.php\/wp-json\/wp\/v2\/pages"}],"about":[{"href":"https:\/\/maviakim.com.tr\/index.php\/wp-json\/wp\/v2\/types\/page"}],"author":[{"embeddable":true,"href":"https:\/\/maviakim.com.tr\/index.php\/wp-json\/wp\/v2\/users\/1"}],"replies":[{"embeddable":true,"href":"https:\/\/maviakim.com.tr\/index.php\/wp-json\/wp\/v2\/comments?post=33"}],"version-history":[{"count":28,"href":"https:\/\/maviakim.com.tr\/index.php\/wp-json\/wp\/v2\/pages\/33\/revisions"}],"predecessor-version":[{"id":10923,"href":"https:\/\/maviakim.com.tr\/index.php\/wp-json\/wp\/v2\/pages\/33\/revisions\/10923"}],"wp:attachment":[{"href":"https:\/\/maviakim.com.tr\/index.php\/wp-json\/wp\/v2\/media?parent=33"}],"curies":[{"name":"wp","href":"https:\/\/api.w.org\/{rel}","templated":true}]}}